14). Let w = n - 9. Let j(c) = -c + 4. What are the prime factors of j(w)?
2
Let w(n) = 28*n**3 - 3*n**2 + 5*n - 5. Let l be -1 + (-55)/(-19) + (-98)/(-931). What are the prime factors of w(l)?
7, 31
Let m(i) be the second derivative of 0 - 1/3*i**3 + 40*i**2 + i + 0*i**4 - 1/20*i**5. List the prime factors of m(0).
2, 5
Let p be 6/((2 + -1)/(-1)). Let s = 91 - p. Suppose -y + 90 = 5*z, -z = -y + z + s. What are the prime factors of y?
5, 19
Suppose -43437 = -5*b - u, b - 8695 = -254*u + 250*u. List the prime factors of b.
7, 17, 73
Suppose 3*q - 45726 = -2*d, 5*d - 2*q - 72277 - 42076 = 0. What are the prime factors of d?
3, 7, 11
Let v(d) be the first derivative of -d**3/3 + 61*d**2/2 - 126*d + 21. List the prime factors of v(39).
2, 3, 61
Suppose -11*n = -3*n - 104. Suppose -b - n = -3*x + 2, -5*b = 0. Suppose -2*c = x*j - 145, -3*c + 6*c - 109 = -4*j. List the prime factors of j.
31
Let i = 38508 - 38097. What are the prime factors of i?
3, 137
Let t be ((-12)/(-18)*1)/((-2)/(-4359)). Suppose -33*c = -34*c + t. List the prime factors of c.
1453
Let f = 148 - 145. Suppose -2*h = f*q - 187, 3*h = -3*q - 0*h + 183. List the prime factors of q.
5, 13
List the prime factors of (-564)/(-235) + 2627217/45.
5, 11677
Let l(s) = 26*s**2 + 5*s + 30. What are the prime factors of l(7)?
13, 103
Let u = -3485 - -9975. List the prime factors of u.
2, 5, 11, 59
Let h = -20583 + 40945. What are the prime factors of h?
2, 10181
Suppose -6*k - 2728 = 5*y - 5*k, -1086 = 2*y + 3*k. Let s = -195 - y. What are the prime factors of s?
3, 13
Let i(p) = -252*p - 65. Let n(f) = -50*f - 13. Let u(l) = -2*i(l) + 11*n(l). List the prime factors of u(-5).
7, 31
Suppose 3*r - 50 = -2*r - 5*c, 0 = 2*r + 3*c - 18. Let v be (r/(-9))/((-1)/3). Let m = v + 10. List the prime factors of m.
2, 7
Let o = 3481 + 6836. List the prime factors of o.
3, 19, 181
List the prime factors of 16962 + (-51 + 58)/(7/6).
2, 3, 7, 101
Let a(f) = f**3 + 6*f**2 + 21*f - 10. Let w be 3/24 - 632/(-64). What are the prime factors of a(w)?
2, 3, 5
Let i = 14052 - -2763. What are the prime factors of i?
3, 5, 19, 59
Let y = -44 + 22. Suppose 448 - 207 = 5*a + v, 91 = 2*a - 5*v. Let z = a - y. What are the prime factors of z?
2, 5, 7
Let m(c) be the first derivative of 21*c**2/2 + 2*c + 1637. Let y be -3 + 1 + 4 + 3. List the prime factors of m(y).
107
Let t = 513 - 511. Suppose 3*b = -4*s + 47, t*b - 50 = -4*s + 6*s. What are the prime factors of b?
3, 7
Let s(x) = 766*x**3 + 13*x - 7. List the prime factors of s(2).
3, 683
Let s = -1190 + 2006. Let a = s - 206. What are the prime factors of a?
2, 5, 61
Let f(l) = -4*l**2 - 4*l - 67. Let s be f(16). Let u = 87 - s. What are the prime factors of u?
2, 3, 23
Suppose 21355 = 12*p - 19*p + 74590. What are the prime factors of p?
3, 5, 13
Suppose -69787 - 52692 = -7*d. What are the prime factors of d?
17497
Let m(f) = -17*f**2 - 1 + 9*f + 6*f - 11*f. Let c be m(2). Let p = 101 + c. List the prime factors of p.
2, 5
Let t = 182 - 185. Let c = 256 - t. What are the prime factors of c?
7, 37
Let t = 382 - 638. Let d = t + 663. What are the prime factors of d?
11, 37
What are the prime factors of (4/(-16))/((-8)/76064)?
2377
Suppose -6*z - 160353 = -9*z - 3*n, 4*n + 267183 = 5*z. What are the prime factors of z?
13, 4111
Let c be ((-126)/(-5))/((-146)/(-30) + -5). What are the prime factors of 6 - 18/27*c?
2, 3, 11
Let j be (-6 - (-13 - -7)) + 9. Suppose -6684 = j*x - 15*x. What are the prime factors of x?
2, 557
Suppose 14*x - 32 = 38. Suppose -359 = -x*g + 1706. List the prime factors of g.
7, 59
Let t(q) = -14*q**2 - q + 40. Let b be t(-9). Let o = 23 - b. List the prime factors of o.
2, 277
Suppose 11*t = 14*t - 1047. Suppose j - 5*i - 78 = t, -5*i - 15 = 0. What are the prime factors of j?
2, 103
Suppose 0*g - 16 = 4*g, 0 = h + 4*g - 2. Suppose h*i - 11*i = 14. Suppose -z + 4*n = -n - 130, 704 = 5*z + i*n. What are the prime factors of z?
2, 5, 7
Suppose -3*h = -235*h + 1211736. List the prime factors of h.
3, 1741
Let v = 11006 + 1464. What are the prime factors of v?
2, 5, 29, 43
Let p(y) = -13*y - 67. Let v be p(-11). Suppose 6*u - 1250 - v = 0. List the prime factors of u.
13, 17
Suppose 50084 - 43316 = 8*f. List the prime factors of f.
2, 3, 47
Let l(v) = v**2 + 2*v - 261. Let j be l(-28). Let o = 880 + j. What are the prime factors of o?
3, 449
Let l = 3609 - 3540. What are the prime factors of l?
3, 23
Suppose -2*q = 5*r - 292, 3*q - 68 = -r + 5*q. Let g = -21 - -30. List the prime factors of r + (-20)/15*g/6.
2, 29
What are the prime factors of (145 - -4)*(-595)/(15/(-3))?
7, 17, 149
Suppose -5*f - 2204 = -2*f + 4*k, 0 = -4*f + 5*k - 2887. Let x = f - -1079. What are the prime factors of x?
3, 13
Let i = -21 - 7. Suppose 0 = 5*a + 3*z - 27, -3*a - 4*z = z - 13. What are the prime factors of a/8 + (-2303)/i?
83
Let f(u) = u**3 + 40*u**2 + 24*u + 3. What are the prime factors of f(-14)?
11, 433
Suppose 1167 = -58*t - 27*t + 3972. Let w be (1 + 49)*(-6)/(-4). Suppose -3*q - t = -w. What are the prime factors of q?
2, 7
Let n be (-5)/(-10)*-10 + 0. Let o be 33/55 - 152/n. Suppose -p + 23 = -o. List the prime factors of p.
2, 3
What are the prime factors of 2/((-3 - -9)/12576)?
2, 131
Let q = 76 - 71. Suppose -5*y + 1200 = q*d, 3*y = d + 269 + 439. Suppose -6*g + 7*g = y. What are the prime factors of g?
3, 79
List the prime factors of (0 + 12)*1*(-13947)/(-9).
2, 4649
Let j(y) = 1 - y**3 + 5*y + 0*y + 4*y**2 - 3*y. Suppose 0 = 2*c + 2*c - 2*l + 18, -3*l - 3 = 4*c. What are the prime factors of j(c)?
2, 29
Let t = 166 - 31. Let o be t/18*(-2)/(-5). What are the prime factors of 42/63 + 157/o?
53
What are the prime factors of 2733540/270 + 4/(-18)?
2, 2531
What are the prime factors of 12194/4 - -3 - ((-21)/(-6))/(-7)?
2, 7, 109
Let c(a) = -4*a - 21 + a - 4*a - 52 + 3*a**2. List the prime factors of c(13).
7
What are the prime factors of -364267*(-4)/42 + 40/(-420)?
2, 3, 7, 59
Suppose -2*k + 5*h - 3178 = -106075, 3*h = 3*k - 154368. List the prime factors of k.
51461
Let s be 2/4 + (-8)/((-96)/18). Suppose -n + 0*n + 5*q + 1936 = 0, -s*n - 2*q + 3920 = 0. What are the prime factors of n?
2, 3, 163
Let f(k) = 34*k + 3. Let y be f(-5). Let u(q) = -42*q**3 - 2*q**2 + 3*q - 2. Let x be u(1). Let n = x - y. List the prime factors of n.
2, 31
Let u = 230345 + -161101. List the prime factors of u.
2, 7, 2473
Let w(g) = g**2 + 51*g + 358. Let r be w(-43). List the prime factors of ((-5)/(75/(-36)))/(r/945).
2, 3
Let x(g) = g - 2. Let n(h) = 61*h - 69. Let b(l) = n(l) - 6*x(l). List the prime factors of b(4).
163
Suppose -i + 17038 = -5*x - 7150, -4*i = 2*x - 96598. List the prime factors of i.
3, 83, 97
Let o(i) = 3*i**2 + 26*i - 43. Let a(z) = -2*z**2 - 25*z + 44. Let b(j) = 4*a(j) + 3*o(j). Let u be b(20). Suppose u*w - 28 = 5*w. List the prime factors of w.
2, 7
Suppose 3*j - 201 = -18. Suppose -j*u + 60*u + 1071 = 0. List the prime factors of u.
3, 7, 17
Let x(q) = -32*q - 39. Let z(w) = -w**2 - 10*w + 8. Let o be z(0). Suppose -b + 4*t = -5*b - 8, -t = 2*b + o. What are the prime factors of x(b)?
3, 17
Let g(r) = -2737*r - 3964. List the prime factors of g(-9).
11, 1879
Let l = -7267 + 16539. List the prime factors of l.
2, 19, 61
Suppose -4*w - 102 = -21*w. What are the prime factors of (-2)/w + 48840/99?
17, 29
Let h(s) = 2*s**2 + 2*s + 13. Suppose -49 = -4*t - n, 0 = 26*t - 22*t - 5*n - 67. List the prime factors of h(t).
13, 29
Let i(p) = 26*p - p**3 + 9*p**2 - 18*p**2 - 3 + 15. List the prime factors of i(-12).
2, 3, 11
Let u be ((-54)/45)/(3/(180/(-8))). List the prime factors of (-18531)/(-18) - 8 - u/6.
2, 3, 5, 17
Suppose -4*x - 4*p + 0*p = 156, 148 = -4*x - 2*p. Let u = x + -9. Let i = -29 - u. List the prime factors of i.
3, 5
Suppose -9*u - 2 + 2 = 0. Suppose u = 4*g - 101 + 93. Suppose -261 = -3*m + 3*f, 6*m - 3*m - g*f - 263 = 0. List the prime factors of m.
89
Suppose 18094 = 5*r - 4*x, -675 = r + x - 4283. What are the prime factors of r?
2, 13, 139
Suppose -16 = -4*m + 8. Let k be (-1)/(2 - 14/m). What are the prime factors of (k/9)/(3/18) - -80?
2, 41
Let g = -394 - -399. Suppose 4*o - 1386 = -3*p, -38*p + 40*p - 1729 = -g*o. What are the prime factors of o?
3, 5, 23
Let u(w) = w**3 + 3*w**2 + w + 3. Let k be u(-3). Suppose 666 = 4